{"id":162,"date":"2023-12-11T16:53:33","date_gmt":"2023-12-11T16:53:33","guid":{"rendered":"https:\/\/ur.nzs.org.pl\/?page_id=162"},"modified":"2025-01-11T12:08:53","modified_gmt":"2025-01-11T12:08:53","slug":"studenci-dla-zdrowia","status":"publish","type":"page","link":"https:\/\/ur.nzs.org.pl\/index.php\/studenci-dla-zdrowia\/","title":{"rendered":"Studenci dla Zdrowia"},"content":{"rendered":"\n<h2 class=\"wp-block-heading\">STUDENCI DLA ZDROWIA<\/h2>\n\n\n\n<hr class=\"wp-block-separator has-alpha-channel-opacity\"\/>\n\n\n\n<div class=\"wp-block-columns is-layout-flex wp-container-core-columns-is-layout-28f84493 wp-block-columns-is-layout-flex\">\n<div class=\"wp-block-column is-layout-flow wp-block-column-is-layout-flow\">\n<figure class=\"wp-block-image size-full\"><img fetchpriority=\"high\" decoding=\"async\" width=\"2048\" height=\"721\" src=\"https:\/\/ur.nzs.org.pl\/wp-content\/uploads\/2023\/12\/SDZ_logo_ciemne-1-3-2048x721-1.png\" alt=\"\" class=\"wp-image-163\" style=\"object-fit:cover\" srcset=\"https:\/\/ur.nzs.org.pl\/wp-content\/uploads\/2023\/12\/SDZ_logo_ciemne-1-3-2048x721-1.png 2048w, https:\/\/ur.nzs.org.pl\/wp-content\/uploads\/2023\/12\/SDZ_logo_ciemne-1-3-2048x721-1-300x106.png 300w, https:\/\/ur.nzs.org.pl\/wp-content\/uploads\/2023\/12\/SDZ_logo_ciemne-1-3-2048x721-1-1024x361.png 1024w, https:\/\/ur.nzs.org.pl\/wp-content\/uploads\/2023\/12\/SDZ_logo_ciemne-1-3-2048x721-1-768x270.png 768w, https:\/\/ur.nzs.org.pl\/wp-content\/uploads\/2023\/12\/SDZ_logo_ciemne-1-3-2048x721-1-1536x541.png 1536w\" sizes=\"(max-width: 2048px) 100vw, 2048px\" \/><\/figure>\n<\/div>\n\n\n\n<div class=\"wp-block-column is-layout-flow wp-block-column-is-layout-flow\">\n<p>Studenci dla Zdrowia to projekt, kt\u00f3ry powsta\u0142 podczas pandemii, gdy problemy psychiczne zacz\u0119\u0142y dotyka\u0107 wielu z nas, a nasza aktywno\u015b\u0107 fizyczna zosta\u0142a ograniczona. Jego celem jest szerzenie wiedzy o zdrowiu psychicznym i fizycznym w\u015br\u00f3d student\u00f3w tak, by zach\u0119ci\u0107 ich do zadbania o te dwie wa\u017cne sfery \u017cycia.&nbsp;<\/p>\n\n\n\n<p>Tegoroczna edycja SDZ to trzecia, kt\u00f3ry odbywa si\u0119 w murach UR i b\u0119dzie trwa\u0142a ca\u0142y rok akademicki 2023\/2024. Przewidziane s\u0105 m.in. warszaty, prelekcje, a tak\u017ce webinary i inne eventy promuj\u0105ce zdrowie w holistycznym uj\u0119ciu. Do zobaczenia i du\u017co zdrowia!<\/p>\n<\/div>\n<\/div>\n\n\n\n<div class=\"wp-block-query is-layout-flow wp-block-query-is-layout-flow\"><ul class=\"wp-block-post-template is-layout-flow wp-block-post-template-is-layout-flow\"><li class=\"wp-block-post post-263 post type-post status-publish format-standard has-post-thumbnail hentry category-sdz tag-sdz\">\n\n<div class=\"wp-block-columns alignwide is-layout-flex wp-container-core-columns-is-layout-28f84493 wp-block-columns-is-layout-flex\">\n<div class=\"wp-block-column is-layout-flow wp-block-column-is-layout-flow\" style=\"flex-basis:66.66%\"><figure class=\"wp-block-post-featured-image\"><a href=\"https:\/\/ur.nzs.org.pl\/index.php\/2024\/01\/31\/szybki-dreszczyk-zdrowia\/\" target=\"_self\"  ><img decoding=\"async\" width=\"2048\" height=\"1536\" src=\"https:\/\/ur.nzs.org.pl\/wp-content\/uploads\/2024\/01\/420120252_1094084601739045_5517655122852757416_n.jpg\" class=\"attachment-post-thumbnail size-post-thumbnail wp-post-image\" alt=\"Szybki Dreszczyk Zdrowia\" style=\"object-fit:cover;\" srcset=\"https:\/\/ur.nzs.org.pl\/wp-content\/uploads\/2024\/01\/420120252_1094084601739045_5517655122852757416_n.jpg 2048w, https:\/\/ur.nzs.org.pl\/wp-content\/uploads\/2024\/01\/420120252_1094084601739045_5517655122852757416_n-300x225.jpg 300w, https:\/\/ur.nzs.org.pl\/wp-content\/uploads\/2024\/01\/420120252_1094084601739045_5517655122852757416_n-1024x768.jpg 1024w, https:\/\/ur.nzs.org.pl\/wp-content\/uploads\/2024\/01\/420120252_1094084601739045_5517655122852757416_n-768x576.jpg 768w, https:\/\/ur.nzs.org.pl\/wp-content\/uploads\/2024\/01\/420120252_1094084601739045_5517655122852757416_n-1536x1152.jpg 1536w\" sizes=\"(max-width: 2048px) 100vw, 2048px\" \/><\/a><\/figure><\/div>\n\n\n\n<div class=\"wp-block-column is-layout-flow wp-block-column-is-layout-flow\" style=\"flex-basis:33.33%\"><h2 class=\"wp-block-post-title\"><a href=\"https:\/\/ur.nzs.org.pl\/index.php\/2024\/01\/31\/szybki-dreszczyk-zdrowia\/\" target=\"_self\" >Szybki Dreszczyk Zdrowia<\/a><\/h2>\n\n<div class=\"wp-block-post-excerpt\"><p class=\"wp-block-post-excerpt__excerpt\">Studenci Uniwersytetu Rzeszowskiego! \ud83c\udf0a\u2744\ufe0f Chcieliby\u015bmy serdecznie podzi\u0119kowa\u0107 wszystkim, kt\u00f3rzy wzi\u0119li udzia\u0142 w niezapomnianym wydarzeniu morsowania &#8211; &#8222;Szybki Dreszczyk Zdrowia&#8221;, zorganizowanym w ramach projektu &#8222;Studenci dla Zdrowia&#8221; przez Niezale\u017cne Zrzeszenie Student\u00f3w. Mimo kapry\u015bnej pogody przed imprez\u0105, Wasza imponuj\u0105ca frekwencja, zaanga\u017cowanie i gotowo\u015b\u0107 do podj\u0119cia wyzwania sprawi\u0142y, \u017ce to wydarzenie by\u0142o prawdziwym sukcesem! \ud83d\ude4c\ud83c\udf1f Wyj\u0105tkowe podzi\u0119kowania kierujemy&hellip; <\/p><\/div><\/div>\n<\/div>\n\n<\/li><li class=\"wp-block-post post-216 post type-post status-publish format-standard has-post-thumbnail hentry category-sdz tag-sdz\">\n\n<div class=\"wp-block-columns alignwide is-layout-flex wp-container-core-columns-is-layout-28f84493 wp-block-columns-is-layout-flex\">\n<div class=\"wp-block-column is-layout-flow wp-block-column-is-layout-flow\" style=\"flex-basis:66.66%\"><figure class=\"wp-block-post-featured-image\"><a href=\"https:\/\/ur.nzs.org.pl\/index.php\/2023\/03\/31\/odkryj-swoje-wewnetrzne-dziecko\/\" target=\"_self\"  ><img decoding=\"async\" width=\"1200\" height=\"1500\" src=\"https:\/\/ur.nzs.org.pl\/wp-content\/uploads\/2024\/01\/img_20230401_104345_928.webp\" class=\"attachment-post-thumbnail size-post-thumbnail wp-post-image\" alt=\"Odkryj swoje Wewn\u0119trzne Dziecko!\" style=\"object-fit:cover;\" srcset=\"https:\/\/ur.nzs.org.pl\/wp-content\/uploads\/2024\/01\/img_20230401_104345_928.webp 1200w, https:\/\/ur.nzs.org.pl\/wp-content\/uploads\/2024\/01\/img_20230401_104345_928-240x300.webp 240w, https:\/\/ur.nzs.org.pl\/wp-content\/uploads\/2024\/01\/img_20230401_104345_928-819x1024.webp 819w, https:\/\/ur.nzs.org.pl\/wp-content\/uploads\/2024\/01\/img_20230401_104345_928-768x960.webp 768w\" sizes=\"(max-width: 1200px) 100vw, 1200px\" \/><\/a><\/figure><\/div>\n\n\n\n<div class=\"wp-block-column is-layout-flow wp-block-column-is-layout-flow\" style=\"flex-basis:33.33%\"><h2 class=\"wp-block-post-title\"><a href=\"https:\/\/ur.nzs.org.pl\/index.php\/2023\/03\/31\/odkryj-swoje-wewnetrzne-dziecko\/\" target=\"_self\" >Odkryj swoje Wewn\u0119trzne Dziecko!<\/a><\/h2>\n\n<div class=\"wp-block-post-excerpt\"><p class=\"wp-block-post-excerpt__excerpt\">\ud83c\udf08 Odkryj swoje Wewn\u0119trzne Dziecko! \ud83c\udf08 Dzi\u0119kujemy Wam z ca\u0142ego serca za udzia\u0142 w naszym wyj\u0105tkowym wydarzeniu &#8222;Odkryj swoje Wewn\u0119trzne Dziecko!&#8221; kt\u00f3re zorganizowali\u015bmy wraz ze o\u015brodkiem terapii Cogito. Cieszymy si\u0119, \u017ce mogli\u015bmy razem z Wami przemierza\u0107 tajemnicze zakamarki naszej psychiki, poszerzaj\u0105c zrozumienie w\u0142asnego wn\u0119trza. Oto kilka spostrze\u017ce\u0144 po tej magicznej podr\u00f3\u017cy: \ud83e\uddf8 Czym jest Wewn\u0119trzne&hellip; <\/p><\/div><\/div>\n<\/div>\n\n<\/li><li class=\"wp-block-post post-207 post type-post status-publish format-standard has-post-thumbnail hentry category-sdz tag-sdz\">\n\n<div class=\"wp-block-columns alignwide is-layout-flex wp-container-core-columns-is-layout-28f84493 wp-block-columns-is-layout-flex\">\n<div class=\"wp-block-column is-layout-flow wp-block-column-is-layout-flow\" style=\"flex-basis:66.66%\"><figure class=\"wp-block-post-featured-image\"><a href=\"https:\/\/ur.nzs.org.pl\/index.php\/2022\/12\/06\/zadbaj-o-dobre-dzisiaj-z-mysla-o-lepsze-jutro\/\" target=\"_self\"  ><img loading=\"lazy\" decoding=\"async\" width=\"2560\" height=\"1707\" src=\"https:\/\/ur.nzs.org.pl\/wp-content\/uploads\/2024\/01\/dsc_0565-scaled.jpg\" class=\"attachment-post-thumbnail size-post-thumbnail wp-post-image\" alt=\"Zadbaj o DOBRE dzisiaj, z my\u015bl\u0105 o lepsze JUTRO!\" style=\"object-fit:cover;\" srcset=\"https:\/\/ur.nzs.org.pl\/wp-content\/uploads\/2024\/01\/dsc_0565-scaled.jpg 2560w, https:\/\/ur.nzs.org.pl\/wp-content\/uploads\/2024\/01\/dsc_0565-300x200.jpg 300w, https:\/\/ur.nzs.org.pl\/wp-content\/uploads\/2024\/01\/dsc_0565-1024x683.jpg 1024w, https:\/\/ur.nzs.org.pl\/wp-content\/uploads\/2024\/01\/dsc_0565-768x512.jpg 768w, https:\/\/ur.nzs.org.pl\/wp-content\/uploads\/2024\/01\/dsc_0565-1536x1024.jpg 1536w, https:\/\/ur.nzs.org.pl\/wp-content\/uploads\/2024\/01\/dsc_0565-2048x1365.jpg 2048w\" sizes=\"(max-width: 2560px) 100vw, 2560px\" \/><\/a><\/figure><\/div>\n\n\n\n<div class=\"wp-block-column is-layout-flow wp-block-column-is-layout-flow\" style=\"flex-basis:33.33%\"><h2 class=\"wp-block-post-title\"><a href=\"https:\/\/ur.nzs.org.pl\/index.php\/2022\/12\/06\/zadbaj-o-dobre-dzisiaj-z-mysla-o-lepsze-jutro\/\" target=\"_self\" >Zadbaj o DOBRE dzisiaj, z my\u015bl\u0105 o lepsze JUTRO!<\/a><\/h2>\n\n<div class=\"wp-block-post-excerpt\"><p class=\"wp-block-post-excerpt__excerpt\">\ud83c\udf1f Wspieramy Zdrowie Psychiczne i Fizyczne Student\u00f3w! \ud83c\udf1f Ciesz\u0119 si\u0119, \u017ce mog\u0119 podzieli\u0107 si\u0119 z Wami relacj\u0105 po wydarzeniu &#8222;Zadbaj o DOBRE dzisiaj, z my\u015bl\u0105 o lepsze JUTRO!&#8221; zorganizowanym w ramach krajowego projektu &#8222;Studenci Dla Zdrowia&#8222;. To niezwyk\u0142e spotkanie mia\u0142o miejsce w Ma\u0142ej Auli budynku A1 Uniwersytetu Rzeszowskiego, z my\u015bl\u0105 o wspieraniu dobrostanu psychicznego i&hellip; <\/p><\/div><\/div>\n<\/div>\n\n<\/li><li class=\"wp-block-post post-188 post type-post status-publish format-standard has-post-thumbnail hentry category-sdz tag-sdz\">\n\n<div class=\"wp-block-columns alignwide is-layout-flex wp-container-core-columns-is-layout-28f84493 wp-block-columns-is-layout-flex\">\n<div class=\"wp-block-column is-layout-flow wp-block-column-is-layout-flow\" style=\"flex-basis:66.66%\"><figure class=\"wp-block-post-featured-image\"><a href=\"https:\/\/ur.nzs.org.pl\/index.php\/2022\/05\/15\/moze-wcale-nie-jest-az-tak-zle\/\" target=\"_self\"  ><img loading=\"lazy\" decoding=\"async\" width=\"2560\" height=\"1707\" src=\"https:\/\/ur.nzs.org.pl\/wp-content\/uploads\/2023\/12\/IMG_0550-scaled.jpg\" class=\"attachment-post-thumbnail size-post-thumbnail wp-post-image\" alt=\"Mo\u017ce wcale nie jest a\u017c tak \u017ale?\" style=\"object-fit:cover;\" srcset=\"https:\/\/ur.nzs.org.pl\/wp-content\/uploads\/2023\/12\/IMG_0550-scaled.jpg 2560w, https:\/\/ur.nzs.org.pl\/wp-content\/uploads\/2023\/12\/IMG_0550-300x200.jpg 300w, https:\/\/ur.nzs.org.pl\/wp-content\/uploads\/2023\/12\/IMG_0550-1024x683.jpg 1024w, https:\/\/ur.nzs.org.pl\/wp-content\/uploads\/2023\/12\/IMG_0550-768x512.jpg 768w, https:\/\/ur.nzs.org.pl\/wp-content\/uploads\/2023\/12\/IMG_0550-1536x1024.jpg 1536w, https:\/\/ur.nzs.org.pl\/wp-content\/uploads\/2023\/12\/IMG_0550-2048x1365.jpg 2048w\" sizes=\"(max-width: 2560px) 100vw, 2560px\" \/><\/a><\/figure><\/div>\n\n\n\n<div class=\"wp-block-column is-layout-flow wp-block-column-is-layout-flow\" style=\"flex-basis:33.33%\"><h2 class=\"wp-block-post-title\"><a href=\"https:\/\/ur.nzs.org.pl\/index.php\/2022\/05\/15\/moze-wcale-nie-jest-az-tak-zle\/\" target=\"_self\" >Mo\u017ce wcale nie jest a\u017c tak \u017ale?<\/a><\/h2>\n\n<div class=\"wp-block-post-excerpt\"><p class=\"wp-block-post-excerpt__excerpt\">W dniu 10 maja 2022 roku w sali 242 budynku A0 Uniwersytetu Rzeszowskiego odby\u0142o si\u0119 wydarzenie zorganizowane przez Niezale\u017cne Zrzeszenie Student\u00f3w Uniwersytetu Rzeszowskiego. Celem wydarzenia by\u0142o przedstawienie najwa\u017cniejszych informacji dotycz\u0105cych pomocy psychologicznej osobom z zaburzeniami afektywnymi. Wydarzenie rozpocz\u0119\u0142o si\u0119 od wyst\u0105pienia pani Joanny Fularz, kt\u00f3ra przedstawi\u0142a 6 podstawowych aspekt\u00f3w w zachowaniu drugiej osoby, kt\u00f3re powinny&hellip; <\/p><\/div><\/div>\n<\/div>\n\n<\/li><\/ul><\/div>\n","protected":false},"excerpt":{"rendered":"<p>STUDENCI DLA ZDROWIA Studenci dla Zdrowia to projekt, kt\u00f3ry powsta\u0142 podczas pandemii, gdy problemy psychiczne zacz\u0119\u0142y dotyka\u0107 wielu z nas, a nasza aktywno\u015b\u0107 fizyczna zosta\u0142a ograniczona. Jego celem jest szerzenie wiedzy o zdrowiu psychicznym i fizycznym w\u015br\u00f3d student\u00f3w tak, by zach\u0119ci\u0107 ich do zadbania o te dwie wa\u017cne sfery \u017cycia.&nbsp; Tegoroczna edycja SDZ to trzecia, [&hellip;]<\/p>\n","protected":false},"author":3,"featured_media":0,"parent":0,"menu_order":0,"comment_status":"closed","ping_status":"closed","template":"","meta":{"footnotes":""},"class_list":["post-162","page","type-page","status-publish","hentry"],"blocksy_meta":[],"_links":{"self":[{"href":"https:\/\/ur.nzs.org.pl\/index.php\/wp-json\/wp\/v2\/pages\/162","targetHints":{"allow":["GET"]}}],"collection":[{"href":"https:\/\/ur.nzs.org.pl\/index.php\/wp-json\/wp\/v2\/pages"}],"about":[{"href":"https:\/\/ur.nzs.org.pl\/index.php\/wp-json\/wp\/v2\/types\/page"}],"author":[{"embeddable":true,"href":"https:\/\/ur.nzs.org.pl\/index.php\/wp-json\/wp\/v2\/users\/3"}],"replies":[{"embeddable":true,"href":"https:\/\/ur.nzs.org.pl\/index.php\/wp-json\/wp\/v2\/comments?post=162"}],"version-history":[{"count":6,"href":"https:\/\/ur.nzs.org.pl\/index.php\/wp-json\/wp\/v2\/pages\/162\/revisions"}],"predecessor-version":[{"id":844,"href":"https:\/\/ur.nzs.org.pl\/index.php\/wp-json\/wp\/v2\/pages\/162\/revisions\/844"}],"wp:attachment":[{"href":"https:\/\/ur.nzs.org.pl\/index.php\/wp-json\/wp\/v2\/media?parent=162"}],"curies":[{"name":"wp","href":"https:\/\/api.w.org\/{rel}","templated":true}]}}